
List the prime factors of 83.
83
List the prime factors of 938.
2, 7, 67
List the prime factors of 44899.
59, 761
What are the prime factors of 9692?
2, 2423
What are the prime factors of 14328?
2, 3, 199
What are the prime factors of 4583?
4583
What are the prime factors of 23548?
2, 7, 29
What are the prime factors of 448?
2, 7
What are the prime factors of 64493?
11, 13, 41
What are the prime factors of 17282?
2, 8641
List the prime factors of 5480.
2, 5, 137
What are the prime factors of 147?
3, 7
List the prime factors of 5815.
5, 1163
List the prime factors of 4131.
3, 17
What are the prime factors of 6542?
2, 3271
What are the prime factors of 275?
5, 11
List the prime factors of 5309.
5309
What are the prime factors of 6560?
2, 5, 41
What are the prime factors of 1081?
23, 47
List the prime factors of 1029.
3, 7
What are the prime factors of 44?
2, 11
What are the prime factors of 5255?
5, 1051
List the prime factors of 119008.
2, 3719
What are the prime factors of 2060?
2, 5, 103
List the prime factors of 4490.
2, 5, 449
What are the prime factors of 1337?
7, 191
What are the prime factors of 44280?
2, 3, 5, 41
What are the prime factors of 57970?
2, 5, 11, 17, 31
What are the prime factors of 1070?
2, 5, 107
What are the prime factors of 25052?
2, 6263
List the prime factors of 6639.
3, 2213
What are the prime factors of 4381?
13, 337
List the prime factors of 1150.
2, 5, 23
List the prime factors of 2660.
2, 5, 7, 19
List the prime factors of 52564.
2, 17, 773
What are the prime factors of 3243?
3, 23, 47
What are the prime factors of 50072?
2, 11, 569
What are the prime factors of 1372?
2, 7
What are the prime factors of 9621?
3, 1069
What are the prime factors of 65892?
2, 3, 17, 19
List the prime factors of 471.
3, 157
What are the prime factors of 22522?
2, 11261
What are the prime factors of 34004?
2, 8501
What are the prime factors of 1141?
7, 163
List the prime factors of 13566.
2, 3, 7, 17, 19
List the prime factors of 4980.
2, 3, 5, 83
List the prime factors of 22115.
5, 4423
List the prime factors of 1023.
3, 11, 31
List the prime factors of 1331.
11
List the prime factors of 7624.
2, 953
What are the prime factors of 6289?
19, 331
List the prime factors of 3652.
2, 11, 83
What are the prime factors of 64?
2
List the prime factors of 1079.
13, 83
List the prime factors of 39070.
2, 5, 3907
What are the prime factors of 37051?
7, 67, 79
List the prime factors of 14568.
2, 3, 607
List the prime factors of 1997.
1997
What are the prime factors of 6596?
2, 17, 97
List the prime factors of 18449.
19, 971
What are the prime factors of 104697?
3, 11633
What are the prime factors of 1565?
5, 313
List the prime factors of 72080.
2, 5, 17, 53
List the prime factors of 1433.
1433
What are the prime factors of 2499?
3, 7, 17
List the prime factors of 13.
13
What are the prime factors of 467?
467
List the prime factors of 414.
2, 3, 23
List the prime factors of 469.
7, 67
List the prime factors of 642.
2, 3, 107
List the prime factors of 712.
2, 89
What are the prime factors of 19111?
29, 659
What are the prime factors of 12971?
7, 17, 109
What are the prime factors of 1061?
1061
List the prime factors of 388.
2, 97
List the prime factors of 2232.
2, 3, 31
List the prime factors of 448.
2, 7
What are the prime factors of 243?
3
List the prime factors of 31354.
2, 61, 257
What are the prime factors of 658?
2, 7, 47
What are the prime factors of 1679?
23, 73
What are the prime factors of 366?
2, 3, 61
What are the prime factors of 28063?
7, 19, 211
List the prime factors of 10739.
10739
What are the prime factors of 3097?
19, 163
What are the prime factors of 33103?
7, 4729
What are the prime factors of 6161?
61, 101
What are the prime factors of 142232?
2, 23, 773
What are the prime factors of 547?
547
What are the prime factors of 86699?
181, 479
List the prime factors of 1207.
17, 71
List the prime factors of 104310.
2, 3, 5, 19, 61
List the prime factors of 2259.
3, 251
What are the prime factors of 1950?
2, 3, 5, 13
List the prime factors of 18495.
3, 5, 137
List the prime factors of 45545.
5, 9109
List the prime factors of 1862.
2, 7, 19
List the prime factors of 1383.
3, 461
What are the prime factors of 2233?
7, 11, 29
List the prime factors of 178959.
3, 11, 17, 29
List the prime factors of 8629.
8629
What are the prime factors of 1016?
2, 127
What are the prime factors of 3282?
2, 3, 547
What are the prime factors of 4815?
3, 5, 107
List the prime factors of 1553.
1553
List the prime factors of 49003.
49003
List the prime factors of 60.
2, 3, 5
List the prime factors of 9778.
2, 4889
List the prime factors of 58303.
7, 8329
List the prime factors of 3555.
3, 5, 79
What are the prime factors of 3325?
5, 7, 19
What are the prime factors of 3378?
2, 3, 563
List the prime factors of 22683.
3, 7561
List the prime factors of 886.
2, 443
What are the prime factors of 23457?
3, 7, 1117
What are the prime factors of 3061?
3061
What are the prime factors of 12653?
12653
List the prime factors of 2830.
2, 5, 283
What are the prime factors of 5321?
17, 313
What are the prime factors of 3078?
2, 3, 19
List the prime factors of 28447.
28447
What are the prime factors of 67800?
2, 3, 5, 113
List the prime factors of 2267.
2267
List the prime factors of 836.
2, 11, 19
What are the prime factors of 33460?
2, 5, 7, 239
What are the prime factors of 921?
3, 307
What are the prime factors of 53335?
5, 10667
What are the prime factors of 3124?
2, 11, 71
What are the prime factors of 166?
2, 83
What are the prime factors of 748?
2, 11, 17
What are the prime factors of 4185?
3, 5, 31
What are the prime factors of 986?
2, 17, 29
What are the prime factors of 17062?
2, 19, 449
What are the prime factors of 4355?
5, 13, 67
List the prime factors of 4761.
3, 23
List the prime factors of 22839.
3, 23, 331
List the prime factors of 958.
2, 479
What are the prime factors of 50?
2, 5
What are the prime factors of 24284?
2, 13, 467
What are the prime factors of 873?
3, 97
What are the prime factors of 205?
5, 41
List the prime factors of 3426.
2, 3, 571
What are the prime factors of 121?
11
List the prime factors of 61963.
11, 43, 131
What are the prime factors of 1584?
2, 3, 11
What are the prime factors of 1724?
2, 431
List the prime factors of 549.
3, 61
List the prime factors of 91182.
2, 3, 7, 13, 167
List the prime factors of 43052.
2, 47, 229
List the prime factors of 60386.
2, 109, 277
List the prime factors of 13430.
2, 5, 17, 79
What are the prime factors of 1831?
1831
What are the prime factors of 152?
2, 19
List the prime factors of 7725.
3, 5, 103
List the prime factors of 12196.
2, 3049
What are the prime factors of 1538?
2, 769
What are the prime factors of 33177?
3, 11059
List the prime factors of 2699.
2699
List the prime factors of 373.
373
What are the prime factors of 5543?
23, 241
What are the prime factors of 67963?
7, 19, 73
List the prime factors of 23584.
2, 11, 67
List the prime factors of 29651.
149, 199
List the prime factors of 26506.
2, 29, 457
What are the prime factors of 27?
3
List the prime factors of 1116.
2, 3, 31
What are the prime factors of 6933?
3, 2311
What are the prime factors of 2008?
2, 251
What are the prime factors of 10534?
2, 23, 229
What are the prime factors of 2891?
7, 59
What are the prime factors of 79065?
3, 5, 7, 251
What are the prime factors of 14665?
5, 7, 419
What are the prime factors of 1075?
5, 43
What are the prime factors of 80996?
2, 20249
What are the prime factors of 17542?
2, 7, 179
What are the prime factors of 28467?
3, 3163
What are the prime factors of 66560?
2, 5, 13
List the prime factors of 1449.
3, 7, 23
What are the prime factors of 19356?
2, 3, 1613
What are the prime factors of 13219?
13219
List the prime factors of 101063.
101063
List the prime factors of 2812.
2, 19, 37
List the prime factors of 4899.
3, 23, 71
What are the prime factors of 148?
2, 37
What are the prime factors of 60213?
3, 20071
What are the prime factors of 137421?
3, 15269
List the prime factors of 1914.
2, 3, 11, 29
What are the prime factors of 6592?
2, 103
List the prime factors of 1528.
2, 191
List the prime factors of 116949.
3, 7, 5569
What are the prime factors of 11498?
2, 5749
List the prime fa